{"id":5377,"date":"2023-05-22T18:18:23","date_gmt":"2023-05-22T17:18:23","guid":{"rendered":"https:\/\/levarq.blogs.upv.es\/?page_id=5377"},"modified":"2025-06-17T15:05:03","modified_gmt":"2025-06-17T14:05:03","slug":"e1-1-castillo-de-bairen","status":"publish","type":"page","link":"https:\/\/levarq.blogs.upv.es\/?page_id=5377","title":{"rendered":"E-1.1 Castillo de Bair\u00e9n"},"content":{"rendered":"\n<table id=\"tablepress-23\" class=\"tablepress tablepress-id-23\">\n<tbody class=\"row-hover\">\n<tr class=\"row-1\">\n\t<td class=\"column-1\"><a href=\"https:\/\/levarq.blogs.upv.es\/?page_id=4643\">3D4HERITAGE<\/a>  |  <a href=\"https:\/\/levarq.blogs.upv.es\/?page_id=4714\">OBJETIVOS<\/a>  |  <a href=\"https:\/\/levarq.blogs.upv.es\/?page_id=4715\">EQUIPO DE INVESTIGACI\u00d3N<\/a>  |  <a href=\"https:\/\/levarq.blogs.upv.es\/?page_id=4814\">ESCENARIOS<\/a>  | <a href=\"https:\/\/levarq.blogs.upv.es\/?page_id=4950\">PRODUCCI\u00d3N CIENT\u00cdFICA<\/a> | <a href=\"https:\/\/levarq.blogs.upv.es\/?page_id=4716\">ACTIVIDADES <\/a>| <a href=\"https:\/\/levarq.blogs.upv.es\/?page_id=4833\">BASE DE DATOS BIBLIOGR\u00c1FICA<\/a><\/td>\n<\/tr>\n<tr class=\"row-2\">\n\t<td class=\"column-1\"><\/td>\n<\/tr>\n<\/tbody>\n<\/table>\n<!-- #tablepress-23 from cache -->\n\n\n<p class=\"has-text-align-right has-medium-font-size\"><a href=\"https:\/\/skfb.ly\/6COP9\">link 3D<\/a><\/p>\n\n\n\n<p style=\"font-size:15px\">Rodr\u00edguez-Navarro, Pablo;&nbsp; Gil-Piqueras, Teresa. (2020). <strong>El Castillo de Bair\u00e9n (Gand\u00eda, Espa\u00f1a). Proyecto de documentaci\u00f3n gr\u00e1fica<\/strong>. In Defensive Architecture of the Mediterranean, edited by Navarro Palaz\u00f3n, J. and Luis Jos\u00e9 Garc\u00eda-Pulido Vol. X, (439-446). Granada: Universidad de Granada, Universitat Polit\u00e8cnica de Val\u00e8ncia, Patronato de la Alhambra y Generalife.&nbsp; <a href=\"https:\/\/doi.org\/10.4995\/FORTMED2020.2020.11420\">doi.org\/10.4995\/FORTMED2020.2020.11420<\/a><\/p>\n\n\n\n<p style=\"font-size:15px\">Rodr\u00edguez Navarro, P.; Gil Piqueras, MT. (2024). Bayren [Dataset]. Universitat Polit\u00e8cnica de Val\u00e8ncia. https:\/\/doi.org\/10.4995\/Dataset\/10251\/212174http:\/\/hdl.handle.net\/10251\/212174<\/p>\n\n\n\n<div class=\"wp-block-columns is-layout-flex wp-container-core-columns-is-layout-9d6595d7 wp-block-columns-is-layout-flex\">\n<div class=\"wp-block-column is-layout-flow wp-block-column-is-layout-flow\"><div class=\"wp-block-image\">\n<figure class=\"aligncenter size-full\"><img loading=\"lazy\" decoding=\"async\" width=\"360\" height=\"203\" src=\"http:\/\/levarq.blogs.upv.es\/wp-content\/uploads\/2023\/05\/Foto-izquierda-360-110.jpg\" alt=\"\" class=\"wp-image-5378\" srcset=\"https:\/\/levarq.blogs.upv.es\/wp-content\/uploads\/2023\/05\/Foto-izquierda-360-110.jpg 360w, https:\/\/levarq.blogs.upv.es\/wp-content\/uploads\/2023\/05\/Foto-izquierda-360-110-250x141.jpg 250w\" sizes=\"auto, (max-width: 360px) 100vw, 360px\" \/><\/figure>\n<\/div><\/div>\n\n\n\n<div class=\"wp-block-column is-layout-flow wp-block-column-is-layout-flow\"><div class=\"wp-block-image\">\n<figure class=\"aligncenter size-full\"><img loading=\"lazy\" decoding=\"async\" width=\"360\" height=\"203\" src=\"http:\/\/levarq.blogs.upv.es\/wp-content\/uploads\/2023\/05\/Metashape-02-360-110.jpg\" alt=\"\" class=\"wp-image-5380\" srcset=\"https:\/\/levarq.blogs.upv.es\/wp-content\/uploads\/2023\/05\/Metashape-02-360-110.jpg 360w, https:\/\/levarq.blogs.upv.es\/wp-content\/uploads\/2023\/05\/Metashape-02-360-110-250x141.jpg 250w\" sizes=\"auto, (max-width: 360px) 100vw, 360px\" \/><\/figure>\n<\/div><\/div>\n\n\n\n<div class=\"wp-block-column is-layout-flow wp-block-column-is-layout-flow\"><div class=\"wp-block-image\">\n<figure class=\"aligncenter size-full\"><img loading=\"lazy\" decoding=\"async\" width=\"360\" height=\"203\" src=\"http:\/\/levarq.blogs.upv.es\/wp-content\/uploads\/2023\/05\/Metashape-01-360-110.jpg\" alt=\"\" class=\"wp-image-5379\" srcset=\"https:\/\/levarq.blogs.upv.es\/wp-content\/uploads\/2023\/05\/Metashape-01-360-110.jpg 360w, https:\/\/levarq.blogs.upv.es\/wp-content\/uploads\/2023\/05\/Metashape-01-360-110-250x141.jpg 250w\" sizes=\"auto, (max-width: 360px) 100vw, 360px\" \/><\/figure>\n<\/div><\/div>\n<\/div>\n\n\n\n<figure class=\"wp-block-image size-full\"><img loading=\"lazy\" decoding=\"async\" width=\"1382\" height=\"720\" src=\"https:\/\/levarq.blogs.upv.es\/wp-content\/uploads\/2023\/05\/secciones-1382.jpg\" alt=\"\" class=\"wp-image-5381\" srcset=\"https:\/\/levarq.blogs.upv.es\/wp-content\/uploads\/2023\/05\/secciones-1382.jpg 1382w, https:\/\/levarq.blogs.upv.es\/wp-content\/uploads\/2023\/05\/secciones-1382-768x400.jpg 768w\" sizes=\"auto, (max-width: 1382px) 100vw, 1382px\" \/><\/figure>\n\n\n\n<figure class=\"wp-block-image size-full\"><img loading=\"lazy\" decoding=\"async\" width=\"1382\" height=\"1183\" src=\"https:\/\/levarq.blogs.upv.es\/wp-content\/uploads\/2023\/05\/planta-1382-110.jpg\" alt=\"\" class=\"wp-image-5382\" srcset=\"https:\/\/levarq.blogs.upv.es\/wp-content\/uploads\/2023\/05\/planta-1382-110.jpg 1382w, https:\/\/levarq.blogs.upv.es\/wp-content\/uploads\/2023\/05\/planta-1382-110-768x657.jpg 768w\" sizes=\"auto, (max-width: 1382px) 100vw, 1382px\" \/><\/figure>\n","protected":false},"excerpt":{"rendered":"<p>link 3D Rodr\u00edguez-Navarro, Pablo;&nbsp; Gil-Piqueras, Teresa. (2020). El Castillo de Bair\u00e9n (Gand\u00eda, Espa\u00f1a). Proyecto de documentaci\u00f3n gr\u00e1fica. In Defensive Architecture of the Mediterranean, edited by Navarro Palaz\u00f3n, J. and Luis Jos\u00e9 Garc\u00eda-Pulido Vol. X, (439-446). Granada: Universidad de Granada, Universitat Polit\u00e8cnica de Val\u00e8ncia, Patronato de la Alhambra y Generalife.&nbsp; doi.org\/10.4995\/FORTMED2020.2020.11420 Rodr\u00edguez Navarro, P.; Gil Piqueras,<\/p>\n<p class=\"more-link\"><a href=\"https:\/\/levarq.blogs.upv.es\/?page_id=5377\" class=\"themebutton2\">Read More<\/a><\/p>\n","protected":false},"author":995,"featured_media":0,"parent":0,"menu_order":0,"comment_status":"closed","ping_status":"closed","template":"","meta":{"footnotes":""},"class_list":["post-5377","page","type-page","status-publish","hentry"],"_links":{"self":[{"href":"https:\/\/levarq.blogs.upv.es\/index.php?rest_route=\/wp\/v2\/pages\/5377","targetHints":{"allow":["GET"]}}],"collection":[{"href":"https:\/\/levarq.blogs.upv.es\/index.php?rest_route=\/wp\/v2\/pages"}],"about":[{"href":"https:\/\/levarq.blogs.upv.es\/index.php?rest_route=\/wp\/v2\/types\/page"}],"author":[{"embeddable":true,"href":"https:\/\/levarq.blogs.upv.es\/index.php?rest_route=\/wp\/v2\/users\/995"}],"replies":[{"embeddable":true,"href":"https:\/\/levarq.blogs.upv.es\/index.php?rest_route=%2Fwp%2Fv2%2Fcomments&post=5377"}],"version-history":[{"count":2,"href":"https:\/\/levarq.blogs.upv.es\/index.php?rest_route=\/wp\/v2\/pages\/5377\/revisions"}],"predecessor-version":[{"id":6417,"href":"https:\/\/levarq.blogs.upv.es\/index.php?rest_route=\/wp\/v2\/pages\/5377\/revisions\/6417"}],"wp:attachment":[{"href":"https:\/\/levarq.blogs.upv.es\/index.php?rest_route=%2Fwp%2Fv2%2Fmedia&parent=5377"}],"curies":[{"name":"wp","href":"https:\/\/api.w.org\/{rel}","templated":true}]}}