{"id":2361,"date":"2020-10-28T17:28:56","date_gmt":"2020-10-28T16:28:56","guid":{"rendered":"http:\/\/levarq.blogs.upv.es\/?page_id=2361"},"modified":"2023-01-26T20:48:45","modified_gmt":"2023-01-26T19:48:45","slug":"tecnologia","status":"publish","type":"page","link":"https:\/\/levarq.blogs.upv.es\/?page_id=2361","title":{"rendered":"Tecnolog\u00eda"},"content":{"rendered":"\n<table id=\"tablepress-17\" class=\"tablepress tablepress-id-17\">\n<tbody class=\"row-hover\">\n<tr class=\"row-1\">\n\t<td class=\"column-1\"><a href=\"http:\/\/levarq.blogs.upv.es\/?page_id=3101\">FOTOGRAF\u00cdA<\/a>     |      <a href=\"http:\/\/levarq.blogs.upv.es\/?page_id=3111\">PASIVE REMOTE SENSING: FOTOGRAMETR\u00cdA<\/a>      |     <a href=\"http:\/\/levarq.blogs.upv.es\/?page_id=3121\">ACTIVE REMOTE SENSING: LASER ESC\u00c1NER 3D<\/a>      |     <a href=\"http:\/\/levarq.blogs.upv.es\/?page_id=3131\">RPAS: DRONES<\/a>     |         <a href=\"http:\/\/levarq.blogs.upv.es\/?page_id=3141\">ARQUEOLOG\u00cdA SUBMARINA<\/a><\/td>\n<\/tr>\n<tr class=\"row-2\">\n\t<td class=\"column-1\"><\/td>\n<\/tr>\n<\/tbody>\n<\/table>\n<!-- #tablepress-17 from cache -->\n<p style=\"text-align: justify\">La investigaci\u00f3n fundamental realizada por LevARQ sobre el <strong>avance metodol\u00f3gico de los flujos de trabajo para la obtenci\u00f3n de modelos tridimensionales de alta fidelidad m\u00e9trica y crom\u00e1tica, as\u00ed como el an\u00e1lisis e interpretaci\u00f3n de los datos generados<\/strong>, est\u00e1 basado en el uso y revisi\u00f3n, de la tecnolog\u00eda m\u00e1s avanzada. Mantenemos relaciones con los desarrolladores de software y hardware, proporcionando un valioso feedback, que contribuye a la m\u00e1s amplia oferta de soluciones \u00f3ptimas para las aplicaciones sobre el patrimonio arquitect\u00f3nico y arqueol\u00f3gico, manteni\u00e9ndonos siempre en la frontera del conocimiento.<\/p>\n\n<table id=\"tablepress-13\" class=\"tablepress tablepress-id-13\">\n<tbody class=\"row-hover\">\n<tr class=\"row-1\">\n\t<td class=\"column-1\"><img loading=\"lazy\" decoding=\"async\" src=\"http:\/\/levarq.blogs.upv.es\/wp-content\/uploads\/2020\/10\/drone-copia.jpg\" alt=\"\" width=\"200\" height=\"302\" class=\"alignleft size-full wp-image-2791\" \/><\/td><td class=\"column-2\"><img loading=\"lazy\" decoding=\"async\" src=\"http:\/\/levarq.blogs.upv.es\/wp-content\/uploads\/2020\/10\/pertiga-camara-copia.jpg\" alt=\"\" width=\"200\" height=\"300\" class=\"alignleft size-full wp-image-2796\" \/><\/td><td class=\"column-3\"><img loading=\"lazy\" decoding=\"async\" src=\"http:\/\/levarq.blogs.upv.es\/wp-content\/uploads\/2020\/10\/Estacion-total-copia.jpg\" alt=\"\" width=\"200\" height=\"300\" class=\"alignleft size-full wp-image-2801\" \/><\/td><td class=\"column-4\"><img loading=\"lazy\" decoding=\"async\" src=\"http:\/\/levarq.blogs.upv.es\/wp-content\/uploads\/2020\/10\/pertiga-copia.jpg\" alt=\"\" width=\"200\" height=\"300\" class=\"alignleft size-full wp-image-2806\" \/><\/td><td class=\"column-5\"><img loading=\"lazy\" decoding=\"async\" src=\"http:\/\/levarq.blogs.upv.es\/wp-content\/uploads\/2020\/10\/p40-copia.jpg\" alt=\"\" width=\"200\" height=\"300\" class=\"alignleft size-full wp-image-2811\" \/><\/td>\n<\/tr>\n<tr class=\"row-2\">\n\t<td class=\"column-1\"><\/td><td class=\"column-2\"><\/td><td class=\"column-3\"><\/td><td class=\"column-4\"><\/td><td class=\"column-5\"><\/td>\n<\/tr>\n<tr class=\"row-3\">\n\t<td class=\"column-1\"><\/td><td class=\"column-2\"><\/td><td class=\"column-3\"><\/td><td class=\"column-4\"><\/td><td class=\"column-5\"><\/td>\n<\/tr>\n<tr class=\"row-4\">\n\t<td class=\"column-1\"><\/td><td class=\"column-2\"><\/td><td class=\"column-3\"><\/td><td class=\"column-4\"><\/td><td class=\"column-5\"><\/td>\n<\/tr>\n<tr class=\"row-5\">\n\t<td class=\"column-1\"><\/td><td class=\"column-2\"><\/td><td class=\"column-3\"><\/td><td class=\"column-4\"><\/td><td class=\"column-5\"><\/td>\n<\/tr>\n<\/tbody>\n<\/table>\n\n","protected":false},"excerpt":{"rendered":"<p>La investigaci\u00f3n fundamental realizada por LevARQ sobre el avance metodol\u00f3gico de los flujos de trabajo para la obtenci\u00f3n de modelos tridimensionales de alta fidelidad m\u00e9trica y crom\u00e1tica, as\u00ed como el an\u00e1lisis e interpretaci\u00f3n de los datos generados, est\u00e1 basado en el uso y revisi\u00f3n, de la tecnolog\u00eda m\u00e1s avanzada. Mantenemos relaciones con los desarrolladores de<\/p>\n<p class=\"more-link\"><a href=\"https:\/\/levarq.blogs.upv.es\/?page_id=2361\" class=\"themebutton2\">Read More<\/a><\/p>\n","protected":false},"author":995,"featured_media":0,"parent":0,"menu_order":0,"comment_status":"closed","ping_status":"closed","template":"","meta":{"footnotes":""},"class_list":["post-2361","page","type-page","status-publish","hentry"],"_links":{"self":[{"href":"https:\/\/levarq.blogs.upv.es\/index.php?rest_route=\/wp\/v2\/pages\/2361","targetHints":{"allow":["GET"]}}],"collection":[{"href":"https:\/\/levarq.blogs.upv.es\/index.php?rest_route=\/wp\/v2\/pages"}],"about":[{"href":"https:\/\/levarq.blogs.upv.es\/index.php?rest_route=\/wp\/v2\/types\/page"}],"author":[{"embeddable":true,"href":"https:\/\/levarq.blogs.upv.es\/index.php?rest_route=\/wp\/v2\/users\/995"}],"replies":[{"embeddable":true,"href":"https:\/\/levarq.blogs.upv.es\/index.php?rest_route=%2Fwp%2Fv2%2Fcomments&post=2361"}],"version-history":[{"count":2,"href":"https:\/\/levarq.blogs.upv.es\/index.php?rest_route=\/wp\/v2\/pages\/2361\/revisions"}],"predecessor-version":[{"id":4211,"href":"https:\/\/levarq.blogs.upv.es\/index.php?rest_route=\/wp\/v2\/pages\/2361\/revisions\/4211"}],"wp:attachment":[{"href":"https:\/\/levarq.blogs.upv.es\/index.php?rest_route=%2Fwp%2Fv2%2Fmedia&parent=2361"}],"curies":[{"name":"wp","href":"https:\/\/api.w.org\/{rel}","templated":true}]}}