{"id":1978,"date":"2020-07-01T20:23:42","date_gmt":"2020-07-01T19:23:42","guid":{"rendered":"http:\/\/levarq.blogs.upv.es\/?page_id=1978"},"modified":"2020-11-02T10:56:55","modified_gmt":"2020-11-02T09:56:55","slug":"capacidades-levarq_lab","status":"publish","type":"page","link":"https:\/\/levarq.blogs.upv.es\/?page_id=1978","title":{"rendered":"Capacidades Levarq_LAB"},"content":{"rendered":"<p style=\"text-align: left\">\n<table id=\"tablepress-71\" class=\"tablepress tablepress-id-71\">\n<tbody class=\"row-hover\">\n<tr class=\"row-1\">\n\t<td class=\"column-1\"><a href=\"http:\/\/levarq.blogs.upv.es\/?page_id=1978\">CAPACIDADES LevARQ_LAB<\/a>     |        <a href=\"http:\/\/levarq.blogs.upv.es\/?page_id=2996\">INSTRUMENTOS Y EQUIPOS<\/a><\/td><td class=\"column-2\"><\/td>\n<\/tr>\n<tr class=\"row-2\">\n\t<td class=\"column-1\"><\/td><td class=\"column-2\"><\/td>\n<\/tr>\n<\/tbody>\n<\/table>\n<!-- #tablepress-71 from cache --><\/p>\n<p style=\"text-align: left\">\n<table id=\"tablepress-7\" class=\"tablepress tablepress-id-7 tbody-has-connected-cells\">\n<tbody class=\"row-hover\">\n<tr class=\"row-1\">\n\t<td colspan=\"2\" class=\"column-1\"><a href=\"https:\/\/aplicat.upv.es\/ideaspdi-app\/xhtml\/ficha\/ficha-capacidad.xhtml?tipo=CAPACIDAD&amp;id=24889\">Levantamientos FOTOGRAM\u00c9TRICOS de edificios y sitios arqueol\u00f3gicos<\/a><\/td><td class=\"column-3\"><\/td>\n<\/tr>\n<tr class=\"row-2\">\n\t<td class=\"column-1\">Actualmente el proceso del levantamiento gr\u00e1fico, tanto de edificios como de objetos o sitios arqueol\u00f3gicos, pasa sin lugar a dudas por la obtenci\u00f3n de modelos 3D de gran calidad, f\u00e1cilmente gestionables y con una gran precisi\u00f3n dimensional, que incluyan adem\u00e1s un aspecto hiperrealista. La fotogrametr\u00eda digital SfM (Structure from Motion) se ha convertido en un eficaz m\u00e9todo para el levantamiento gr\u00e1fico tridimensional y bidimensional, situ\u00e1ndose hoy en d\u00eda como uno de los mejores m\u00e9todos, tanto por econom\u00eda de costes y tiempos, como por la calidad de sus resultados.<br \/>\n<br \/>\nLa digitalizaci\u00f3n del lugar, del edificio, del objeto, nos permite interrogarlo, estudiarlo, seccionarlo, compararlo, analizarlo, reproducirlo, y darle tantos otros usos como se desee; incluso algunos usos que no ser\u00e1 necesario desarrollarlos en el momento, pero que a buen seguro ser\u00e1n posibles en el futuro gracias a la adquisici\u00f3n de los datos reales, precisos y fiables obtenidos directamente del modelo original.<br \/>\n<br \/>\nLevARQ_Lab posibilita la obtenci\u00f3n de maquetas digitales tridimensionales del propio edificio u objeto, f\u00e1cilmente manejables, de gran calidad y resoluci\u00f3n, y que dan muestra real del estado actual de los elementos digitalizados.<br \/>\n<br \/>\n<br \/>\n<br \/>\n<\/td><td class=\"column-2\"><\/td><td class=\"column-3\"><img loading=\"lazy\" decoding=\"async\" src=\"http:\/\/levarq.blogs.upv.es\/wp-content\/uploads\/2020\/08\/Benicalaf-fotogrametria_3x3_200ppp.jpg\" alt=\"\" width=\"236\" height=\"236\" class=\"alignleft size-full wp-image-2195\" \/><br \/>\n<br \/>\nModelo tridimensional de la iglesia de Benicalaf, Benavites, Valencia.<\/td>\n<\/tr>\n<tr class=\"row-3\">\n\t<td colspan=\"2\" class=\"column-1\"><a href=\"https:\/\/aplicat.upv.es\/ideaspdi-app\/xhtml\/ficha\/ficha-capacidad.xhtml?tipo=CAPACIDAD&amp;id=24885\">Levantamiento gr\u00e1fico del patrimonio a trav\u00e9s de nubes de puntos. ESC\u00c1NER L\u00c1SER 3D<\/a><\/td><td class=\"column-3\"><\/td>\n<\/tr>\n<tr class=\"row-4\">\n\t<td class=\"column-1\">La digitalizaci\u00f3n de modelos arquitect\u00f3nicos ha tenido un importante auge en la \u00faltima d\u00e9cada debido a la madurez obtenida por los programas de gesti\u00f3n de los datos facilitados por los esc\u00e1neres l\u00e1ser. En el \u00e1mbito de los levantamientos arquitect\u00f3nicos 3D, el esc\u00e1ner l\u00e1ser se ha mostrado como el sistema m\u00e1s avanzado y preciso, a pesar del complejo manejo que presentaban al principio las pesadas nubes de puntos, hoy en d\u00eda cada vez m\u00e1s gestionables.  <br \/>\n<br \/>\nLa unidad de investigaci\u00f3n de LevARQ_Lab, colabora con empresas como <strong>Leica <\/strong>y <strong>Topcon <\/strong>desde hace a\u00f1os, que incluso han participado en proyectos de investigaci\u00f3n llevados a cabo en el seno de esta unidad de investigaci\u00f3n. <br \/>\n<br \/>\nEn este sentido se cuenta con gran experiencia de colaboraci\u00f3n con grupos internacionales, l\u00edderes en ese sector como es el caso del departamento de arquitectura de la <strong>Universit\u00e0 degli Studi di Firenze<\/strong> donde adem\u00e1s de realizarse estancias de investigaci\u00f3n, tambi\u00e9n se ha participado de manera conjunta en diversos proyectos de investigaci\u00f3n.<br \/>\n<br \/>\n<br \/>\n<br \/>\n<\/td><td class=\"column-2\"><\/td><td class=\"column-3\"><img loading=\"lazy\" decoding=\"async\" src=\"http:\/\/levarq.blogs.upv.es\/wp-content\/uploads\/2020\/08\/escaner_marenyet._3x3_200ppp.jpg\" alt=\"\" width=\"236\" height=\"236\" class=\"alignleft size-full wp-image-2198\" \/><br \/>\n<br \/>\nTorre del Marenyet. Cullera, Valencia.<\/td>\n<\/tr>\n<tr class=\"row-5\">\n\t<td colspan=\"2\" class=\"column-1\"><a href=\"https:\/\/aplicat.upv.es\/ideaspdi-app\/xhtml\/ficha\/ficha-capacidad.xhtml?tipo=CAPACIDAD&amp;id=24888\">Uso de DRONES para el reconocimiento y evaluaci\u00f3n del patrimonio Arquitect\u00f3nico y Arqueol\u00f3gico<\/a><\/td><td class=\"column-3\"><\/td>\n<\/tr>\n<tr class=\"row-6\">\n\t<td class=\"column-1\">La mejora de los autopilotos de los drones ha abierto nuevas perspectivas al uso de la fotograf\u00eda y el video a\u00e9reos. Esta \"revoluci\u00f3n\" est\u00e1 facilitando numerosas aplicaciones en distintos \u00e1mbitos, ya sean cient\u00edficos, profesionales o puramente de entretenimiento. La libertad de movimiento en las tomas a\u00e9reas nos da la posibilidad de obtener fotograf\u00edas y videos desde todos los puntos de vista que consideremos necesarios, incluidas las partes a las que en muchas ocasiones no podr\u00edamos acceder de ninguna otra forma. <br \/>\n<br \/>\nEn el \u00e1mbito de la arquitectura y de la arqueolog\u00eda esta nueva posibilidad de obtener puntos de vista a\u00e9reos para las tomas fotogr\u00e1ficas, hasta hace poco impensables, ha coincidido en el tiempo con otro gran avance en el \u00e1mbito de la fotogrametr\u00eda: el descubrimiento de nuevos algoritmos que han automatizado el proceso del fotomodelado 3D, conocido como el sistema SfM (Structure from Motion), que nos permite obtener modelos 3D muy fiables y con texturas fotorreal\u00edsticas, a partir de una secuencia fotogr\u00e1fica. <br \/>\n<br \/>\nEn este sentido LevARQ_Lab de la Universitat Polit\u00e8cnica de Val\u00e8ncia es pionero en el uso de drones para el levantamiento de la arquitectura y de la arqueolog\u00eda, contando adem\u00e1s con operadora dada de alta en AESA.<br \/>\n<br \/>\n<br \/>\n<br \/>\n<\/td><td class=\"column-2\"><\/td><td class=\"column-3\"><img loading=\"lazy\" decoding=\"async\" src=\"http:\/\/levarq.blogs.upv.es\/wp-content\/uploads\/2020\/08\/drone_benavites_3x3_200ppp.jpg\" alt=\"\" width=\"236\" height=\"236\" class=\"alignleft size-full wp-image-2201\" \/><br \/>\n<br \/>\nIglesia de Benicalaf (Benavites) a vista de drone<\/td>\n<\/tr>\n<\/tbody>\n<\/table>\n<!-- #tablepress-7 from cache --><\/p>\n<p>&nbsp;<\/p>\n<p>&nbsp;<\/p>\n","protected":false},"excerpt":{"rendered":"<p>&nbsp; &nbsp;<\/p>\n","protected":false},"author":995,"featured_media":0,"parent":0,"menu_order":0,"comment_status":"closed","ping_status":"closed","template":"","meta":{"footnotes":""},"class_list":["post-1978","page","type-page","status-publish","hentry"],"_links":{"self":[{"href":"https:\/\/levarq.blogs.upv.es\/index.php?rest_route=\/wp\/v2\/pages\/1978","targetHints":{"allow":["GET"]}}],"collection":[{"href":"https:\/\/levarq.blogs.upv.es\/index.php?rest_route=\/wp\/v2\/pages"}],"about":[{"href":"https:\/\/levarq.blogs.upv.es\/index.php?rest_route=\/wp\/v2\/types\/page"}],"author":[{"embeddable":true,"href":"https:\/\/levarq.blogs.upv.es\/index.php?rest_route=\/wp\/v2\/users\/995"}],"replies":[{"embeddable":true,"href":"https:\/\/levarq.blogs.upv.es\/index.php?rest_route=%2Fwp%2Fv2%2Fcomments&post=1978"}],"version-history":[{"count":2,"href":"https:\/\/levarq.blogs.upv.es\/index.php?rest_route=\/wp\/v2\/pages\/1978\/revisions"}],"predecessor-version":[{"id":3496,"href":"https:\/\/levarq.blogs.upv.es\/index.php?rest_route=\/wp\/v2\/pages\/1978\/revisions\/3496"}],"wp:attachment":[{"href":"https:\/\/levarq.blogs.upv.es\/index.php?rest_route=%2Fwp%2Fv2%2Fmedia&parent=1978"}],"curies":[{"name":"wp","href":"https:\/\/api.w.org\/{rel}","templated":true}]}}