{"id":1297,"date":"2020-06-20T19:44:01","date_gmt":"2020-06-20T18:44:01","guid":{"rendered":"http:\/\/levarq.blogs.upv.es\/?page_id=1297"},"modified":"2025-05-04T19:46:12","modified_gmt":"2025-05-04T18:46:12","slug":"revistas","status":"publish","type":"page","link":"https:\/\/levarq.blogs.upv.es\/?page_id=1297","title":{"rendered":"Revistas"},"content":{"rendered":"\n<table id=\"tablepress-51\" class=\"tablepress tablepress-id-51\">\n<tbody class=\"row-hover\">\n<tr class=\"row-1\">\n\t<td class=\"column-1\"><a href=\"http:\/\/levarq.blogs.upv.es\/?page_id=4275\">EXPOSICIONES<\/a> |  <a href=\"https:\/\/levarq.blogs.upv.es\/?page_id=1297\">REVISTAS<\/a> | <a href=\"https:\/\/levarq.blogs.upv.es\/?page_id=1303\">LIBROS Y CAP\u00cdTULOS<\/a> | <a href=\"https:\/\/levarq.blogs.upv.es\/?page_id=1285\">CONGRESOS<\/a><\/td>\n<\/tr>\n<tr class=\"row-2\">\n\t<td class=\"column-1\"><\/td>\n<\/tr>\n<\/tbody>\n<\/table>\n\n<p>Rodriguez-Navarro, P., Ruggieri, A., Gil-Piqueras, T. (2025).\u00a0<strong>Graphic surveying methodologies for urban underground environments: the B\u00e9tera cave dwellings, Valencia<\/strong>. Virtual Archaeology Review, 16 (33). <a href=\"https:\/\/doi.org\/10.4995\/var.2024.22849\">https:\/\/doi.org\/10.4995\/var.2024.22849<\/a><\/p>\n<p>Celis-Estrada, D.J., Rodriguez-Navarro, P., Gil-Piqueras, T. (2025). <strong>Design and Construction of the Real Felipe Fortress of Callao: Analysis of the Military Treatise and Layout Using Photogrammetry and GIS.<\/strong> Heritage 2025, 8, 23. <a href=\"https:\/\/doi.org\/10.3390\/heritage8010023\">https:\/\/doi.org\/10.3390\/heritage8010023<\/a><\/p>\n<p>Gil Piqueras, T., Rodr\u00edguez-Navarro, P. (2024). <strong>Levantamiento gr\u00e1fico 3D para la preservaci\u00f3n del patrimonio basado en el uso de est\u00e1ndares: La Iglesia de la Inmaculada, en Santa Eulalia del Campo.<\/strong> <em data-start=\"199\" data-end=\"252\">EGE: Revista de Expresi\u00f3n Gr\u00e1fica en la Edificaci\u00f3n<\/em>, 21, pp.143\u2013158. <a href=\"https:\/\/doi.org\/10.4995\/ege.2024.23114\" target=\"_new\" rel=\"noopener noreferrer\" data-start=\"270\" data-end=\"308\">https:\/\/doi.org\/10.4995\/ege.2024.23114<\/a>.<\/p>\n<p>Aguilar-Camacho, J., Granado-Castro, G. and Barrera-Vera, J.A. (2023) <strong>Optimizing workflows and proposal of a standard in surveying of decorative heritage elements (The Royal Alc\u00e1zar of Seville, Spain)<\/strong><em>.<\/em><em> Disegnarecon, 30 (16)<\/em>. doi: <a href=\"https:\/\/doi.org\/10.20365\/disegnarecon.30.2023.1\">10.20365\/disegnarecon.30.2023.1<\/a><\/p>\n<p>Gand\u00eda \u00c1lvarez, E. (2023)<strong> Torre de Guaita de Vall (T.M. Tavernes de la Valldigna).<\/strong> <em>Asociaci\u00f3n Espa\u00f1ola de Amigos de los Castillos. Bolet\u00edn de Castellolog\u00eda Valenciana,<\/em> 3, 33-40.<\/p>\n<p>Gil-Piqueras, T., Rodr\u00edguez-Navarro, P. (2023) <strong>Reflections on workflow and standards for the graphic survey of architectural and archaeological heritage<\/strong>. Disegnarecon, 30 (16). <a href=\"https:\/\/doi.org\/10.20365\/disegnarecon.30.2023.ed\">https:\/\/doi.org\/10.20365\/disegnarecon.30.2023.ed<\/a><\/p>\n<p>Rodriguez-Navarro, P. (2023) <strong>Torres de vig\u00eda y defensa del litoral valenciano.<\/strong> <em>Asociaci\u00f3n Espa\u00f1ola de Amigos de los Castillos.Bolet\u00edn de Castellolog\u00eda Valenciana,<\/em> 3, 5-14.<\/p>\n<p>Sender Contell, M., Perell\u00f3 Roso, R., Gim\u00e9nez Ribera, M. and Albelda Pla, A. (2023)<strong> The graphic survey of the architectural heritage supported by the 3D laser scanner. Case study: the Castellot house.<\/strong><em> Disegnarecon<\/em>, <em>30 (16). <\/em>doi: 10.20365\/disegnarecon.30.2023.9. <a href=\"http:\/\/hdl.handle.net\/10251\/210697\">http:\/\/hdl.handle.net\/10251\/210697<\/a><\/p>\n<p>Rodriguez-Navarro, P., Cabezos Bernal, P., Gil-Piqueras, T. and Gim\u00e9nez Ribera, M. 2022. <strong>\u00abUsing drones under 250 g for documenting the architectural heritage\u00bb<\/strong>. <em>Disegnarecon, 29 (15).<\/em> DOI: <a href=\"https:\/\/disegnarecon.univaq.it\/ojs\/index.php\/disegnarecon\/article\/view\/1054\">10.20365\/disegnarecon.29.2022.1<\/a><\/p>\n<p>Gil-Piqueras, T.; Rodriguez-Navarro, P.; Cabrera Revuelta, E.; Gand\u00eda \u00c1lvarez, E. 2022. \u00ab<strong>Preliminary studies of the coastal defenses of Cullera\u2019s Cape built during the Spanish Civil War: From historical study to formal analysis<\/strong>\u00ab. <em>Heritage<\/em>,<em> 5<\/em>, 3032-3048. DOI: <a class=\"nova-legacy-e-link nova-legacy-e-link--color-inherit nova-legacy-e-link--theme-decorated\" href=\"http:\/\/dx.doi.org\/10.3390\/heritage5040157\" target=\"_blank\" rel=\"noopener\">10.3390\/patrimonio5040157<\/a><\/p>\n<p>Gil-Piqueras, T., Rodr\u00edguez-Navarro, P., Anaya Visbal, J.E. 2022. \u201c<strong>Digital graphic survey of the complex of fishermen\u2019s houses in Cape Cullera (Valencia)<\/strong>\u201d, EGE Revista de Expresi\u00f3n Gr\u00e1fica en la Edificaci\u00f3n, No. 16, Valencia: Universitat Polit\u00e8cnica de Val\u00e8ncia. pp. 117-131. DOI:\u00a0<a class=\"nova-legacy-e-link nova-legacy-e-link--color-inherit nova-legacy-e-link--theme-decorated\" href=\"http:\/\/dx.doi.org\/10.4995\/ege.2022.17883\" target=\"_blank\" rel=\"noopener\">10.4995\/ege.2022.17883<\/a><\/p>\n<p>Cabezos-Bernal, Pedro Manuel; Rodr\u00edguez-Navarro, Pablo; Gil-Piqueras, Teresa. 2021. \u00ab<strong>Documenting Paintings with Gigapixel Photography\u00bb<\/strong>. <em>Journal of imaging<\/em>, 8 (7), 1 &#8211; 20. <a href=\"https:\/\/doi.org\/10.3390\/jimaging7080156\" target=\"_doi\" rel=\"noopener\">10.3390\/jimaging7080156<\/a><\/p>\n<p>Pablo Rodr\u00edguez-Navarro, Eliott Wragg, Giorgio Verdiani, Gil-Piqueras, Teresa. 2021<em>. \u00ab<\/em><strong>Mo<em>delling the last of the \u201cMovies\u201d: discussion and digital survey of the Eothen formerly ML286&#8243;<\/em><\/strong>. <em>Virtual Archaeology Review<\/em>. ISSN 1989-9947. <a href=\"https:\/\/doi.org\/10.4995\/var.2021.14543\">https:\/\/doi.org\/10.4995\/var.2021.14543<\/a>.<\/p>\n<p>Gil-Piqueras, Teresa; Rodr\u00edguez-Navarro, Pablo. 2021. \u00ab<strong>Tradition and <\/strong><strong>Sustainability in Vernacular Architecture of Southeast Morocco\u00bb<\/strong>. <em>Sustainability<\/em>, 13, 684. <a href=\"https:\/\/doi.org\/10.3390\/su13020684\">https:\/\/doi.org\/10.3390\/su13020684.<\/a><\/p>\n<p>Cabezos-Bernal, Pedro Manuel; Rodr\u00edguez-Navarro, Pablo; Gil-Piqueras, Teresa. 2021. \u00ab<strong>Documenting Paintings Using Gigapixel SfM Photogrammetry\u00bb<\/strong>. <em>International Archives of the Photogrammetry, Remote Sensing and Spatial Information Sciences. <\/em>93 &#8211; 100. <a href=\"https:\/\/doi.org\/10.5194\/isprs-archives-XLVI-M-1-2021-93-2021,2021\" target=\"_doi\" rel=\"noopener\">10.5194\/isprs-archives-XLVI-M-1-2021-93-2021,2021<\/a><\/p>\n<p>Rodr\u00edguez-Navarro, Pablo; Cabezos-Bernal, Pedro Manuel; Gil-Piqueras, Teresa. 2020. \u00ab<strong>Photographic Techniques for Urban Art Documentation\u00bb<\/strong>. <em>DisegnareCon<\/em> , 24 (13), 23.1 &#8211; 23.22. <a href=\"https:\/\/doi.org\/10.20365\/disegnarecon.24.2020.23\">10.20365\/disegnarecon.24.2020.23<\/a><\/p>\n<p>Rodr\u00edguez-Navarro, Pablo; Gil-Piqueras, Teresa. 2020. \u00ab<strong>New Contributions on the Escuelas P\u00edas Dome in Valencia\u00bb<\/strong>. <em>Nexus Network Journal<\/em>, vol. 22, 1081\u20131098.\u00a0 <a href=\"https:\/\/link.springer.com\/article\/10.1007\/s00004-020-00500-5?wt_mc=Internal.Event.1.SEM.ArticleAuthorOnlineFirst\">10.1007\/s00004-020-00500-5<\/a><\/p>\n<p>Gil-Piqueras, Teresa; Rodr\u00edguez-Navarro, Pablo. 2020. \u00ab<i><strong>The ksour of the Mdagra oasis (Er-Rachidia, Morocco): an inventory\u00bb<\/strong><\/i>. International Archives of the Photogrammetry, Remote Sensing and Spatial Information Sciences (Online) (44)961 &#8211; 968. <a href=\"https:\/\/doi.org\/10.5194\/isprs-archives-XLIV-M-1-2020-961-2020\" target=\"_doi\" rel=\"noopener\">10.5194\/isprs-archives-XLIV-M-1-2020-961-2020<\/a><\/p>\n<p>Gil-Piqueras, Teresa; Rodr\u00edguez-Navarro, Pablo. 2019. \u00ab<strong>Restoration of the Sidi Bou Guertif Marabout, El Khorbot, Morocco\u00bb<\/strong>. <em>Loggia Arquitectura &amp; Restauraci\u00f3n<\/em>, 32, 60 &#8211; 73.\u00a0<a href=\"https:\/\/doi.org\/10.4995\/loggia.2019.11899\">10.4995\/loggia.2019.11899<\/a><\/p>\n<p>Gil-Piqueras, Teresa. 2019. \u00ab<strong>Rese\u00f1a del libro: El Palacio del Generalife: del levantamiento digital al proyecto de gesti\u00f3n\u00bb<\/strong>. <em>EGE. Revista de Expresi\u00f3n Gr\u00e1fica en la Edificaci\u00f3n<\/em> , 11, 109 &#8211; 110. <a href=\"https:\/\/doi.org\/10.4995\/ege.2019.12874\">10.4995\/ege.2019.12874<\/a><\/p>\n<p>Rodr\u00edguez-Navarro, Pablo; Gil-Piqueras, Teresa. 2019. \u00ab<strong>Interpretation of the Kingdom of Valencias coastal defence system from the 16th to 18th centuries through historical cartography\u00bb<\/strong>. <em>DisegnareCon<\/em> , 22 (12), 19.1 &#8211; 19.20. doi: <a href=\"https:\/\/doi.org\/10.20365\/disegnarecon.22.2019.19\">10.20365\/disegnarecon.22.2019.19<\/a><\/p>\n<p>Rodr\u00edguez-Navarro, Pablo. 2019. \u00ab<strong><em>Rese\u00f1a del Libro: Raconti di Viaggio. <\/em><\/strong><strong><em>Visioni della Terra Santa<\/em>\u00ab<\/strong>. <em>EGE. Revista de Expresi\u00f3n Gr\u00e1fica en la Edificaci\u00f3n<\/em> , 11, 106 &#8211; 107. <a href=\"https:\/\/doi.org\/10.4995\/ege.2019.12874\">10.4995\/ege.2019.12874<\/a><\/p>\n<p>Rodr\u00edguez-Navarro, Pablo; Gil-Piqueras, Teresa. 2018. \u00ab<strong>Preservation Strategies for Southern Morocco&#8217;s At-Risk Built Heritage\u00bb<\/strong>. <em>Buildings<\/em>, 2 (8), 1 &#8211; 11.\u00a0<a href=\"https:\/\/doi.org\/10.3390\/buildings8020016\">10.3390\/buildings8020016<\/a><\/p>\n<p>Gil-Piqueras, Teresa. 2017. \u00ab<strong>Earth architecture Archeology. Graphic study in the M<\/strong><strong>&#8216;<\/strong><strong>Goun River Valley, Morocco\u00bb<\/strong>. <em>DisegnareCon<\/em> , 19 (1), 5.1 &#8211; 5.14. <a href=\"http:\/\/disegnarecon.univaq.it\/ojs\/index.php\/disegnarecon\/article\/view\/289\">link<\/a><\/p>\n<p>Rodr\u00edguez-Navarro, Pablo. 2017. \u00ab<strong>Reflections on current archaeological surveying\u00bb<\/strong>. <em>DisegnareCon<\/em> , 19 (1), 1 &#8211; 5. <a href=\"http:\/\/disegnarecon.univaq.it\/ojs\/index.php\/disegnarecon\/article\/view\/340\">link\u00a0<\/a><\/p>\n<p>Gil-Piqueras, Teresa; Rodr\u00edguez-Navarro, Pablo. 2015. \u00ab<strong>Arquitectura y H\u00e1bitat: Tradici\u00f3n y Evoluci\u00f3n en el Oasis del Ferkla, Marruecos<\/strong><strong>\u00ab<\/strong><em><strong>. <\/strong>Arch\u00e9<\/em>, 10, 425 &#8211; 432.<\/p>\n<p>Rodr\u00edguez-Navarro, Pablo. 2013. \u00ab<strong>Alcune riflessioni sul Disegno con la fotografia digitale\u00bb<\/strong>. <em>DisegnareCon<\/em>, 6 (12), 1 &#8211; 7.<\/p>\n<p>Rodr\u00edguez-Navarro, Pablo. 2012. \u00ab<strong>Digital Photogrammetry versus the systems based on active 3D sensors\u00bb<\/strong>. <em>EGA Revista de expresi\u00f3n gr\u00e1fica arquitect\u00f3nica<\/em>, 2, 100 &#8211; 111.<\/p>\n<p>Juan Vidal, Francisco; Rodr\u00edguez-Navarro, Pablo; Lara Ortega, Salvador. 2012. \u00ab<b><i><\/i><\/b><strong>Las Vistas de Tabarka\u00bb<\/strong><b><i><\/i><\/b>. <em>Arch\u00e9<\/em>, 7, UPV, 183 &#8211; 194.<\/p>\n<p>Juan Vidal, Francisco ;\u00a0 Rodr\u00edguez-Navarro, Pablo; Soler Estrela, Alba; Gil-Piqueras, Teresa.\u00a0 2010. \u00ab<strong>Las viviendas tabarkinas\u00bb<\/strong>. <em>Arch\u00e9<\/em>, 5 (1), 279 &#8211; 286.<\/p>\n<p>Rodr\u00edguez-Navarro, Pablo.\u00a0 2009. \u00ab<strong>Las preexistencias estructurales en los interiores de las torres \u00e1rabes de las alquer\u00edas valencianas. Hip\u00f3tesis sobre la formaci\u00f3n de b\u00f3vedas de ca\u00f1on\u00bb<\/strong>. <em>EGA Revista de expresi\u00f3n gr\u00e1fica arquitect\u00f3nica<\/em>, 14, 122 &#8211; 131. <a href=\"https:\/\/doi.org\/10.4995\/ega.2009.10247\">10.4995\/ega.2009.10247<\/a><\/p>\n","protected":false},"excerpt":{"rendered":"<p>Rodriguez-Navarro, P., Ruggieri, A., Gil-Piqueras, T. (2025).\u00a0Graphic surveying methodologies for urban underground environments: the B\u00e9tera cave dwellings, Valencia. Virtual Archaeology Review, 16 (33). https:\/\/doi.org\/10.4995\/var.2024.22849 Celis-Estrada, D.J., Rodriguez-Navarro, P., Gil-Piqueras, T. (2025). Design and Construction of the Real Felipe Fortress of Callao: Analysis of the Military Treatise and Layout Using Photogrammetry and GIS. Heritage 2025, 8,<\/p>\n<p class=\"more-link\"><a href=\"https:\/\/levarq.blogs.upv.es\/?page_id=1297\" class=\"themebutton2\">Read More<\/a><\/p>\n","protected":false},"author":995,"featured_media":0,"parent":0,"menu_order":0,"comment_status":"closed","ping_status":"closed","template":"","meta":{"footnotes":""},"class_list":["post-1297","page","type-page","status-publish","hentry"],"_links":{"self":[{"href":"https:\/\/levarq.blogs.upv.es\/index.php?rest_route=\/wp\/v2\/pages\/1297","targetHints":{"allow":["GET"]}}],"collection":[{"href":"https:\/\/levarq.blogs.upv.es\/index.php?rest_route=\/wp\/v2\/pages"}],"about":[{"href":"https:\/\/levarq.blogs.upv.es\/index.php?rest_route=\/wp\/v2\/types\/page"}],"author":[{"embeddable":true,"href":"https:\/\/levarq.blogs.upv.es\/index.php?rest_route=\/wp\/v2\/users\/995"}],"replies":[{"embeddable":true,"href":"https:\/\/levarq.blogs.upv.es\/index.php?rest_route=%2Fwp%2Fv2%2Fcomments&post=1297"}],"version-history":[{"count":2,"href":"https:\/\/levarq.blogs.upv.es\/index.php?rest_route=\/wp\/v2\/pages\/1297\/revisions"}],"predecessor-version":[{"id":6291,"href":"https:\/\/levarq.blogs.upv.es\/index.php?rest_route=\/wp\/v2\/pages\/1297\/revisions\/6291"}],"wp:attachment":[{"href":"https:\/\/levarq.blogs.upv.es\/index.php?rest_route=%2Fwp%2Fv2%2Fmedia&parent=1297"}],"curies":[{"name":"wp","href":"https:\/\/api.w.org\/{rel}","templated":true}]}}