{"id":1126,"date":"2020-06-20T17:29:40","date_gmt":"2020-06-20T16:29:40","guid":{"rendered":"http:\/\/levarq.blogs.upv.es\/?page_id=1126"},"modified":"2025-12-11T18:08:12","modified_gmt":"2025-12-11T17:08:12","slug":"equipo","status":"publish","type":"page","link":"https:\/\/levarq.blogs.upv.es\/?page_id=1126","title":{"rendered":"Equipo"},"content":{"rendered":"\n<figure class=\"wp-block-image size-full\"><img loading=\"lazy\" decoding=\"async\" width=\"2345\" height=\"499\" src=\"https:\/\/levarq.blogs.upv.es\/wp-content\/uploads\/2023\/05\/image.png\" alt=\"\" class=\"wp-image-5005\" srcset=\"https:\/\/levarq.blogs.upv.es\/wp-content\/uploads\/2023\/05\/image.png 2345w, https:\/\/levarq.blogs.upv.es\/wp-content\/uploads\/2023\/05\/image-768x163.png 768w, https:\/\/levarq.blogs.upv.es\/wp-content\/uploads\/2023\/05\/image-1536x327.png 1536w, https:\/\/levarq.blogs.upv.es\/wp-content\/uploads\/2023\/05\/image-2048x436.png 2048w\" sizes=\"auto, (max-width: 2345px) 100vw, 2345px\" \/><\/figure>\n\n\n\n<p><\/p>\n\n\n\n<p><\/p>\n\n\n\n<p class=\"has-black-color has-text-color\" style=\"font-size:18px\"><strong>DIRECCI\u00d3N<\/strong><\/p>\n\n\n\n<p class=\"has-black-color has-text-color\" style=\"font-size:15px\">Dr. <a style=\"font-weight: bold\" href=\"http:\/\/www.upv.es\/ficha-personal\/prnavarr\">Pablo RODR\u00cdGUEZ-NAVARRO<\/a>. Catedr\u00e1tico de Universidad. Universitat Polit\u00e8cnica de Val\u00e8ncia&nbsp; &#8211;&nbsp; <strong>Advisor: Prof. Dr. GABRIELE GUIDI<\/strong><\/p>\n\n\n\n<p style=\"font-size:15px\"><a href=\"https:\/\/orcid.org\/0000-0002-8044-9873\">orcid<\/a>&nbsp; &nbsp; &nbsp; |&nbsp; &nbsp;&nbsp; &nbsp; <a href=\"https:\/\/upv-es.academia.edu\/PabloRodr%C3%ADguezNavarro\">academia<\/a> &nbsp; &nbsp; |&nbsp; &nbsp;&nbsp; &nbsp; <a href=\"https:\/\/scholar.google.es\/citations?user=fiPdbjYAAAAJ&amp;hl=es\">google scholar<\/a><\/p>\n\n\n\n<p style=\"font-size:15px\">Dra. <a href=\"http:\/\/www.upv.es\/ficha-personal\/tgil\"><strong>Teresa GIL-PIQUERAS<\/strong><\/a>. Profesora Titular de Universidad. Universitat Polit\u00e8cnica de Val\u00e8ncia<\/p>\n\n\n\n<p style=\"font-size:15px\"><a href=\"https:\/\/orcid.org\/0000-0001-8739-3705\">orcid<\/a>&nbsp; &nbsp; &nbsp; &nbsp;|&nbsp; &nbsp; &nbsp; &nbsp; <a href=\"https:\/\/upv.academia.edu\/TeresaGilPiqueras\">academia<\/a>&nbsp; &nbsp; &nbsp; |&nbsp; &nbsp; &nbsp; &nbsp;<a href=\"https:\/\/www.researchgate.net\/profile\/Teresa_Gil-Piqueras\">researchgate<\/a>&nbsp; &nbsp; &nbsp; |&nbsp; &nbsp;&nbsp; &nbsp; <a href=\"https:\/\/scholar.google.es\/citations?user=Zbej5vYAAAAJ&amp;hl=es\">google scholar<\/a><\/p>\n\n\n\n<p><\/p>\n\n\n\n<p class=\"has-black-color has-text-color\" style=\"font-size:18px\"><strong>MIEMBROS UPV<\/strong><\/p>\n\n\n\n<p style=\"font-size:15px\">Dra. <a href=\"http:\/\/www.upv.es\/ficha-personal\/msender\"><strong>Marina SENDER CONTELL<\/strong><\/a>. Profesor Titular de Universidad. Universitat Polit\u00e8cnica de Val\u00e8ncia.<\/p>\n\n\n\n<p style=\"font-size:15px\">Dr. <a href=\"http:\/\/www.upv.es\/ficha-personal\/rperello\"><strong>Ricardo PERELL\u00d3 ROSSO<\/strong><\/a>. Profesor Titular de Universidad. Universitat Polit\u00e8cnica de Val\u00e8ncia.<\/p>\n\n\n\n<p style=\"font-size:15px\">Dr. <a href=\"http:\/\/www.upv.es\/ficha-personal\/magiri1\"><strong>Manuel GIM\u00c9NEZ RIBERA<\/strong><\/a>. Profesor Titular de Universidad. Universitat Polit\u00e8cnica de Val\u00e8ncia.<\/p>\n\n\n\n<p style=\"font-size:15px\">Dr. <strong><a href=\"https:\/\/www.upv.es\/ficha-personal\/aruggie1\">Andrea RUGGIERI<\/a><\/strong>. Profesor Ayudante Doctor. Universitat Polit\u00e8cnica de Val\u00e8ncia.<\/p>\n\n\n\n<p style=\"font-size:15px\">Dra. <strong><a href=\"https:\/\/intranet.upv.es\/pls\/soalu\/sic_person.info?PE=B76968311EA31CEACE5B2187BC68B8B257E50A3EF1C28A1F6983E9C527E16D8D62C0505CA851A40E7FC0D4B587726B5DCFBEB6FD0AF77B1A1E9E0EA4D415988489B0E5DE54C7C536A813CD3D637472FBEEDFD595D2739301135B78E3369547DC288932D750AD9844A32D5451548570BBF67BDD4B787DFC484719CC294814815A&amp;P_IDIOMA=c&amp;P_VISTA=intranet\">Marita CARMONA BELDA<\/a>.<\/strong> Profesor Ayudante Doctor. Universitat Polit\u00e8cnica de Val\u00e8ncia.<\/p>\n\n\n\n<p style=\"font-size:15px\">Dra. <strong><a href=\"https:\/\/www.upv.es\/ficha-personal\/anprevi\">Ana P\u00c9REZ-VILA<\/a>. <\/strong>Profesora Asociada. Universitat Polit\u00e8cnica de Val\u00e8ncia.<\/p>\n\n\n\n<p style=\"font-size:15px\"><strong>MIEMBROS EXTERNOS<\/strong><\/p>\n\n\n\n<p style=\"font-size:15px\">Dra. <a href=\"https:\/\/www.uji.es\/departaments\/com\/base\/estructura\/personal?p_departamento=2102&amp;p_profesor=191558\"><strong>Alba SOLER ESTRELA<\/strong><\/a>. Profesora Titular de Universidad. Universitat Jaume I de Castell\u00f3n.<\/p>\n\n\n\n<p style=\"font-size:15px\"> <a href=\"https:\/\/orcid.org\/0000-0002-0566-7811\">orcid<\/a>&nbsp; &nbsp; &nbsp; &nbsp;|&nbsp; &nbsp; &nbsp; &nbsp;<a href=\"https:\/\/www.researchgate.net\/profile\/Alba_Soler_Estrela\">researchgate<\/a>&nbsp; &nbsp; &nbsp; |&nbsp; &nbsp;&nbsp; &nbsp; <a href=\"https:\/\/scholar.google.com\/citations?user=4NTkJPQAAAAJ&amp;hl=es\">google scholar<\/a><\/p>\n\n\n\n<p style=\"font-size:15px\">Dr. <a href=\"https:\/\/www.unifi.it\/p-doc2-2013-200002-V-3f2a3d3134302d.html\"><strong>Giorgio VERDIANI<\/strong><\/a>. Professore Associato. Universit\u00e0 degli Studi di Firenze.<\/p>\n\n\n\n<p style=\"font-size:15px\"><a href=\"https:\/\/orcid.org\/0000-0002-0478-6472\">orcid<\/a>&nbsp; &nbsp; &nbsp; &nbsp;|&nbsp; &nbsp; &nbsp; <a href=\"https:\/\/unifi.academia.edu\/GiorgioVerdiani\">academia<\/a>&nbsp; &nbsp; &nbsp; &nbsp;|&nbsp; &nbsp; &nbsp;<a href=\"https:\/\/www.researchgate.net\/profile\/Giorgio_Verdiani\">researchgate<\/a>&nbsp; &nbsp; &nbsp; |&nbsp; &nbsp;&nbsp; &nbsp; <a href=\"https:\/\/scholar.google.es\/citations?user=zuSfFuIAAAAJ&amp;hl=es\">google scholar<\/a><\/p>\n\n\n\n<p><\/p>\n\n\n\n<p class=\"has-black-color has-text-color\" style=\"font-size:18px\"><strong>COLABORADORES<\/strong><\/p>\n\n\n\n<p style=\"font-size:15px\">Dr. <strong>Diego Javier<\/strong> <strong>CELIS-ESTRADA<\/strong>. Profesor de la Universidad Privada del Norte Sac, Per\u00fa<\/p>\n\n\n\n<p class=\"has-black-color has-text-color\" style=\"font-size:15px\"><strong>Sergio ESTRUCH GONZ\u00c1LEZ. <\/strong>Colaborador Externo<\/p>\n\n\n\n<p class=\"has-black-color has-text-color\" style=\"font-size:15px\"><\/p>\n\n\n\n<p><\/p>\n","protected":false},"excerpt":{"rendered":"<p>DIRECCI\u00d3N2 MIEMBROS3 T\u00c9CNICO DE INVESTIGACI\u00d3N4 COLABORADORES DIRECCI\u00d3N Pablo RODR\u00cdGUEZ-NAVARRO. Dr. en Expresi\u00f3n Gr\u00e1fica Arquitect\u00f3nica. Profesor Titular de Universidad. Universtat Polit\u00e8cnica de Val\u00e8ncia\u00a0 \u2013\u00a0 Advisor: GABRIELE GUIDI orcid\u00a0 \u00a0 \u00a0 |\u00a0 \u00a0\u00a0 \u00a0 academia \u00a0 \u00a0 |\u00a0 \u00a0\u00a0 \u00a0 google scholar Teresa GIL-PIQUERAS. Dra. en Patrimonio Arquitect\u00f3nico: Historia, Composici\u00f3n y Estudios Gr\u00e1ficos. Profesora contratado Doctor. [\u2026] <\/p>\n","protected":false},"author":995,"featured_media":0,"parent":0,"menu_order":0,"comment_status":"closed","ping_status":"closed","template":"","meta":{"footnotes":""},"class_list":["post-1126","page","type-page","status-publish","hentry"],"_links":{"self":[{"href":"https:\/\/levarq.blogs.upv.es\/index.php?rest_route=\/wp\/v2\/pages\/1126","targetHints":{"allow":["GET"]}}],"collection":[{"href":"https:\/\/levarq.blogs.upv.es\/index.php?rest_route=\/wp\/v2\/pages"}],"about":[{"href":"https:\/\/levarq.blogs.upv.es\/index.php?rest_route=\/wp\/v2\/types\/page"}],"author":[{"embeddable":true,"href":"https:\/\/levarq.blogs.upv.es\/index.php?rest_route=\/wp\/v2\/users\/995"}],"replies":[{"embeddable":true,"href":"https:\/\/levarq.blogs.upv.es\/index.php?rest_route=%2Fwp%2Fv2%2Fcomments&post=1126"}],"version-history":[{"count":2,"href":"https:\/\/levarq.blogs.upv.es\/index.php?rest_route=\/wp\/v2\/pages\/1126\/revisions"}],"predecessor-version":[{"id":6469,"href":"https:\/\/levarq.blogs.upv.es\/index.php?rest_route=\/wp\/v2\/pages\/1126\/revisions\/6469"}],"wp:attachment":[{"href":"https:\/\/levarq.blogs.upv.es\/index.php?rest_route=%2Fwp%2Fv2%2Fmedia&parent=1126"}],"curies":[{"name":"wp","href":"https:\/\/api.w.org\/{rel}","templated":true}]}}